110
Calculate the remainder when 3686 is divided by 51.
14
What is the remainder when 75674 is divided by 75664?
10
What is the remainder when 175517 is divided by 69?
50
What is the remainder when 63203 is divided by 7022?
5
What is the remainder when 4872 is divided by 972?
12
What is the remainder when 37403 is divided by 226?
113
What is the remainder when 1127 is divided by 279?
11
Calculate the remainder when 1589 is divided by 138.
71
Calculate the remainder when 491 is divided by 19.
16
Calculate the remainder when 256012 is divided by 85332.
16
Calculate the remainder when 1436 is divided by 587.
262
What is the remainder when 16113 is divided by 33?
9
Calculate the remainder when 1696416 is divided by 338.
332
Calculate the remainder when 21896 is divided by 132.
116
What is the remainder when 104353 is divided by 273?
67
Calculate the remainder when 1375 is divided by 455.
10
Calculate the remainder when 611174 is divided by 75.
74
Calculate the remainder when 160470 is divided by 375.
345
What is the remainder when 2130 is divided by 57?
21
Calculate the remainder when 29191 is divided by 1485.
976
Calculate the remainder when 9019 is divided by 4494.
31
Calculate the remainder when 89084 is divided by 2969.
14
What is the remainder when 102660 is divided by 51?
48
Calculate the remainder when 22250 is divided by 10.
0
Calculate the remainder when 2821 is divided by 95.
66
Calculate the remainder when 37471 is divided by 669.
7
What is the remainder when 705 is divided by 31?
23
What is the remainder when 369766 is divided by 32?
6
Calculate the remainder when 2052 is divided by 449.
256
What is the remainder when 19713 is divided by 31?
28
What is the remainder when 7459 is divided by 2429?
172
What is the remainder when 885 is divided by 842?
43
Calculate the remainder when 53158 is divided by 26570.
18
What is the remainder when 1848 is divided by 255?
63
Calculate the remainder when 213 is divided by 81.
51
What is the remainder when 6638 is divided by 107?
4
What is the remainder when 441167 is divided by 40?
7
What is the remainder when 27426 is divided by 9142?
0
What is the remainder when 22710 is divided by 11253?
204
What is the remainder when 1051098 is divided by 100?
98
What is the remainder when 3428 is divided by 1698?
32
What is the remainder when 349 is divided by 26?
11
Calculate the remainder when 722626 is divided by 3.
1
What is the remainder when 571 is divided by 217?
137
Calculate the remainder when 942954 is divided by 17.
15
What is the remainder when 21829 is divided by 1364?
5
What is the remainder when 11445 is divided by 293?
18
Calculate the remainder when 1419 is divided by 877.
542
Calculate the remainder when 2213 is divided by 2205.
8
Calculate the remainder when 4617 is divided by 915.
42
Calculate the remainder when 764 is divided by 215.
119
Calculate the remainder when 421 is divided by 81.
16
Calculate the remainder when 54069 is divided by 6756.
21
Calculate the remainder when 46194 is divided by 23062.
70
What is the remainder when 111942 is divided by 15990?
12
What is the remainder when 22219 is divided by 258?
31
What is the remainder when 4908 is divided by 245?
8
Calculate the remainder when 7683 is divided by 1920.
3
Calculate the remainder when 4800 is divided by 2399.
2
What is the remainder when 184 is divided by 131?
53
Calculate the remainder when 144453 is divided by 72.
21
What is the remainder when 4331 is divided by 1441?
8
Calculate the remainder when 686 is divided by 369.
317
What is the remainder when 20847 is divided by 331?
325
What is the remainder when 1980 is divided by 497?
489
What is the remainder when 72412 is divided by 9?
7
What is the remainder when 115203 is divided by 173?
158
Calculate the remainder when 21914 is divided by 365.
14
What is the remainder when 498763 is divided by 53?
33
Calculate the remainder when 6394 is divided by 191.
91
What is the remainder when 20714 is divided by 66?
56
What is the remainder when 214619 is divided by 10?
9
Calculate the remainder when 138577 is divided by 27714.
7
What is the remainder when 23612 is divided by 144?
140
Calculate the remainder when 60416 is divided by 63.
62
Calculate the remainder when 47762 is divided by 28.
22
What is the remainder when 472137 is divided by 236064?
9
What is the remainder when 10650 is divided by 45?
30
What is the remainder when 80395 is divided by 5359?
10
Calculate the remainder when 7370 is divided by 78.
38
Calculate the remainder when 52404 is divided by 86.
30
Calculate the remainder when 1350 is divided by 484.
382
Calculate the remainder when 144 is divided by 71.
2
What is the remainder when 2106 is divided by 1042?
22
What is the remainder when 352463 is divided by 176230?
3
Calculate the remainder when 9143 is divided by 26.
17
Calculate the remainder when 11684 is divided by 563.
424
What is the remainder when 432054 is divided by 60?
54
Calculate the remainder when 3981 is divided by 1454.
1073
What is the remainder when 1570 is divided by 408?
346
What is the remainder when 10151 is divided by 2535?
11
Calculate the remainder when 302552 is divided by 37.
3
Calculate the remainder when 233458 is divided by 18.
16
What is the remainder when 3025 is divided by 135?
55
Calculate the remainder when 3615 is divided by 101.
80
Calculate the remainder when 17639 is divided by 2518.
13
What is the remainder when 62112 is divided by 123?
120
What is the remainder when 75854 is divided by 1379?
9
What is the remainder when 1465 is divided by 419?
208
What is the remainder when 193342 is divided by 57?
55
Calculate the remainder when 28150 is divided by 1220.
90
Calculate the remainder when 10024 is divided by 386.
374
Calculate the remainder when 7050 is divided by 467.
45
Calculate the remainder when 9019 is divided by 1287.
10
Calculate the remainder when 269499 is divided by 110.
109
Calculate the remainder when 5328 is divided by 68.
24
What is the remainder when 21923 is divided by 36?
35
Calculate the remainder when 9763 is divided by 55.
28
Calculate the remainder when 37492 is divided by 99.
70
Calculate the remainder when 2380 is divided by 1171.
38
What is the remainder when 18092 is divided by 155?
112
Calculate the remainder when 165316 is divided by 354.
352
Calculate the remainder when 22978 is divided by 7651.
25
What is the remainder when 695 is divided by 129?
50
Calculate the remainder when 32151 is divided by 407.
405
Calculate the remainder when 1287 is divided by 37.
29
Calculate the remainder when 58935 is divided by 14671.
251
What is the remainder when 15898 is divided by 25?
23
Calculate the remainder when 63894 is divided by 127.
13
Calculate the remainder when 2959 is divided by 16.
15
What is the remainder when 13383 is divided by 8?
7
Calculate the remainder when 220642 is divided by 29.
10
Calculate the remainder when 12658 is divided by 237.
97
What is the remainder when 24328 is divided by 46?
40
What is the remainder when 104160 is divided by 47?
8
Calculate the remainder when 330097 is divided by 23578.
5
What is the remainder when 399311 is divided by 531?
530
Calculate the remainder when 313 is divided by 85.
58
Calculate the remainder when 750 is divided by 15.
0
Calculate the remainder when 12155 is divided by 6061.
33
What is the remainder when 104187 is divided by 48?
27
What is the remainder when 5517 is divided by 1377?
9
Calculate the remainder when 5030 is divided by 317.
275
What is the remainder when 11157 is divided by 33?
3
Calculate the remainder when 2288 is divided by 191.
187
What is the remainder when 46079 is divided by 480?
479
What is the remainder when 9673 is divided by 78?
1
What is the remainder when 9800 is divided by 4870?
60
What is the remainder when 221342 is divided by 267?
266
What is the remainder when 292850 is divided by 1388?
1370
What is the remainder when 288186 is divided by 7?
3
Calculate the remainder when 18797 is divided by 1174.
13
Calculate the remainder when 2062103 is divided by 856.
855
Calculate the remainder when 95168 is divided by 310.
308
Calculate the remainder when 413892 is divided by 38.
34
What is the remainder when 24913 is divided by 611?
473
Calculate the remainder when 191190 